. Suppose -44 = -4*r - 4*a, 4*r - 29 = z*a - 2*a. List the prime factors of r.
2
Suppose 3*x = 5*r + 71, 64 = 3*x - x + 5*r. Let a be 129/x + 2/9. Suppose -3*y = -3*z, -3 - a = -5*y + 3*z. List the prime factors of y.
2
Let k = 0 - 0. Suppose k = -4*g + 4. Let t = 38 + g. List the prime factors of t.
3, 13
Suppose -639*l = -637*l - 900. What are the prime factors of l?
2, 3, 5
Let z(a) = -402*a + 22. List the prime factors of z(-2).
2, 7, 59
Let h = -46 + 51. Suppose -4*b + 12 = 0, -h*b + 349 = 4*w - 10*b. What are the prime factors of w?
7, 13
Let k(s) be the third derivative of 1/4*s**4 - 2*s**2 + 0*s + 0 + 0*s**3. What are the prime factors of k(2)?
2, 3
Let n = 5 + -3. Let h(y) be the first derivative of 5*y**3/3 - y**2 + y + 61. What are the prime factors of h(n)?
17
Let j(s) = -s + 4. Let c be j(6). Let i be c/2*0 + 6. Suppose -i*m - 54 = -9*m. List the prime factors of m.
2, 3
Let v(i) = i**2 - 12*i + 26. Let t be v(11). Let u be 5 - (-1*4)/(-2). Let f = t + u. List the prime factors of f.
2, 3
Suppose t + 5*d = 1869, -t + 276 + 1591 = 3*d. What are the prime factors of t?
2, 233
List the prime factors of (-2)/(12/87984*-4).
2, 3, 13, 47
Suppose -3*x + 0*x + 1353 = 0. Suppose -5*j - 51 = -x. What are the prime factors of j?
2, 5
List the prime factors of 29 - 1/((-2)/(-8)*2).
3
Let g be (-22)/(-4) - 1/2. Let q be (-17)/(-4) - g/20. Suppose q*h = -4*d + 88 - 36, h + 5*d = 1. List the prime factors of h.
2
Suppose 3902 = 2*w - 115*b + 116*b, 0 = -w + 5*b + 1951. List the prime factors of w.
1951
Suppose -3*u = 2*u - 350. Let n = u + -23. What are the prime factors of n?
47
Suppose 5*s - s = -3*l, 3*l = 4*s + 24. Suppose -2*b + 41 = l*d - d, 0 = -b + 5*d + 40. What are the prime factors of b?
5
Let v(o) = 35*o - 105. What are the prime factors of v(12)?
3, 5, 7
Suppose 0 = -42*d + 97076 - 770. What are the prime factors of d?
2293
Suppose -j = -6*j + 19885. List the prime factors of j.
41, 97
List the prime factors of (4 - (-3 - -1181))/(4/(-2)).
587
Suppose 2*v - 5*i - 29 = 0, 4*i + 8 = 5*v - 22. Let g(c) be the first derivative of 5*c**2/2 - 5*c - 3. What are the prime factors of g(v)?
5
Let q = -2316 - -4813. What are the prime factors of q?
11, 227
Suppose -19*l = -21*l + 2002. What are the prime factors of l?
7, 11, 13
Let x(y) = 86*y**2 - y - 18. List the prime factors of x(-3).
3, 11, 23
Let b be 368/36 - (-2)/(-9). Let s be (b/2)/(5/5). Suppose 3*z = -i + 21, -s*i - 3*z + 81 = -0*z. What are the prime factors of i?
3, 5
Let z(i) = -12*i + 20. Let k(m) = m**3 - 10*m**2 - 12*m + 5. Let n be k(11). What are the prime factors of z(n)?
2, 23
Let n(o) = 3*o**3 + o**2 + o + 2. Let b be n(-2). Let k = b + 28. List the prime factors of k.
2
Suppose -26*y + 13219 = 3053. List the prime factors of y.
17, 23
Suppose 9*z = 17*z - 22720. List the prime factors of z.
2, 5, 71
Suppose 8 = 2*q + 2*q + 4*m, 4*q + m = 14. Suppose 4 = q*d, -3*d - 56 = -3*t + d. List the prime factors of t + 6/3 + 0.
2, 11
What are the prime factors of (96/30)/((-1)/(1010/(-4)))?
2, 101
Let o(t) = 306*t**2 + 3*t - 2. Let q be o(1). Let r = q - 171. List the prime factors of r.
2, 17
Suppose -3*k + 0*k + 5 = -2*z, -10 = -4*k + 2*z. Suppose 9 = k*o - 26. What are the prime factors of o?
7
Let j = 75 - -32. What are the prime factors of j?
107
Suppose 2*a + 5*z = 2180, -14*a - z + 1087 = -13*a. What are the prime factors of a?
5, 7, 31
Let n(t) = 5*t**2 - 88*t - 6. What are the prime factors of n(-9)?
3, 397
Suppose 0 = -g + 127 + 278. Suppose g = 5*r - 4*i, -2*r + 3*i = -161 - 8. List the prime factors of r.
7, 11
Let k(u) = 16*u**2 - u - 87. What are the prime factors of k(8)?
929
Let l(z) = z**2 - 6*z + 7. Let u(f) = f**2 + f + 5. Let i be u(0). What are the prime factors of l(i)?
2
Suppose -3*v + 748 = -l, -4*v = 3*l - 0*v + 2244. What are the prime factors of (l/(-33))/((-4)/(-6))?
2, 17
Let x(s) = 2*s**3 + 43*s**2 - 12*s - 4. What are the prime factors of x(-21)?
13, 53
Let z(x) = -x**2 - 23*x + 22. What are the prime factors of z(-11)?
2, 7, 11
Suppose 4*b - 4*u = 3*b - 1, 3*b = -4*u + 13. Suppose -900 = -i - b*i. What are the prime factors of i?
3, 5
Suppose -15 = 12*b - 15*b. Suppose 0 = -3*r + 3*l + 180, -2*r - r - b*l + 196 = 0. List the prime factors of r.
2, 31
Let b(j) = 63*j - 15. Let m be b(6). Suppose -4*p = -p - m. List the prime factors of p.
11
Let j(n) = n**3 + 6*n**2 - 8*n + 9. Let t be j(-7). Let d = t + 33. List the prime factors of d.
7
Let t(x) = -7*x**2 + 21*x - 3. Let w(a) = 8*a**2 - 21*a + 2. Let p(m) = 7*t(m) + 6*w(m). List the prime factors of p(8).
5, 19
Let c = -3 - -5. Suppose c*s + g = 171, -g - 98 = -s + g. List the prime factors of s.
2, 11
Let w = 5300 - 2817. List the prime factors of w.
13, 191
Let d = -90 + 93. List the prime factors of (-1)/(-4*d/(-132))*-13.
11, 13
Suppose m + 3*u + 97 = -72, -3*u = -2*m - 374. Let c = m - -339. List the prime factors of c.
2, 79
Suppose -3786 = -1481*d + 1478*d. What are the prime factors of d?
2, 631
Let f(c) = 2*c**3 - 12*c**2 + 9*c + 77. What are the prime factors of f(9)?
2, 7, 23
Let f(n) = n**3 + 8*n**2 + 8*n - 2. Let x be f(-6). Let b = 43 - x. Suppose u - 4*d = 33, 3*d - d = -u + b. What are the prime factors of u?
5
Suppose 9*t + 3*p = 14*t - 1217, 0 = 4*p + 16. List the prime factors of t.
241
Suppose 343 + 427 = 5*x. Suppose -2*i = 2*c + 20 - 96, -3*c + 5*i = -x. List the prime factors of c.
43
Let i = -570 + 1289. What are the prime factors of i?
719
Let f be ((-11)/(-22))/((-1)/334). Let o = -102 - f. What are the prime factors of o?
5, 13
Let x be 1 - (-18)/(-15) - (-118)/(-10). Let t(f) = 3*f + 0*f - 4*f + 7. List the prime factors of t(x).
19
Let u be (8/(-4) - -3)*5. Let w(t) = t**2 - t + 255. Let q be w(0). Suppose z + f + 4*f = 75, -u*z = f - q. What are the prime factors of z?
2, 5
Let d = 21 + -9. What are the prime factors of 18/d + (-75)/(-2)?
3, 13
Suppose 3*l + b - 14 = 0, 3*b = -4*l + 4*b + 7. Suppose 0 = -l*g - 2*g + 35. Suppose -4*s + 153 = p, -4*s + 5*p - g + 130 = 0. List the prime factors of s.
37
Suppose 2*h - 2*y - 860 = 0, h + 2*y - 63 - 376 = 0. List the prime factors of h.
433
Let a(m) = m**2 + 7*m - 13. Let u be a(-8). Let x = 2 - u. List the prime factors of x.
7
Suppose -5*q - 2*v = -19, 0*q = -3*q - 4*v + 3. Suppose -q*w + 20 + 5 = 0. What are the prime factors of w?
5
Let x(r) = 4*r - 11. Let q(h) = -9*h + 22. Let f(c) = 2*q(c) + 5*x(c). List the prime factors of f(12).
13
What are the prime factors of 2*(-4)/68 + 51465/51?
1009
Suppose 4*a - 189 - 203 = 0. List the prime factors of a/(20/75 - (-2)/5).
3, 7
Let s(y) = 2*y**3 + 61*y**2 - 13*y - 42. What are the prime factors of s(-30)?
2, 3, 13
Let c(x) = 24*x - 20. Suppose -7*p = -0*p - 49. List the prime factors of c(p).
2, 37
Let q = -688 + 983. What are the prime factors of q?
5, 59
Let u(q) = 113*q**2 + 9*q - 3. List the prime factors of u(-2).
431
Let b(v) = v**2 - 5*v - 4. Let g(h) = -4*h**2 + 21*h + 16. Let x(l) = 9*b(l) + 2*g(l). Suppose -2*t - 1 = 5. What are the prime factors of x(t)?
2, 7
Let i(f) = -4*f + 17. Let j be i(5). What are the prime factors of (4/j)/(14/(-777))?
2, 37
Let o be 163/(-7) - 4/(-14). Let j be 351/18*(2 - 3)*2. Let n = o - j. What are the prime factors of n?
2
Let m(g) = g**2 - 22*g + 512. What are the prime factors of m(58)?
2, 5, 13
Let b(n) = -n**2 - 6*n + 4. Let q be b(-6). Suppose -8 - 12 = -q*u. Suppose u*f - 4*r = 190, f - 2*r + 6*r = 38. What are the prime factors of f?
2, 19
Suppose -56 = q + 3*k, -q = -5*q - 4*k - 232. Let n = -21 - q. List the prime factors of n.
2, 19
What are the prime factors of (-20)/4*3/(-3)?
5
Suppose m + 96 = -4*w, 0*m = m + 4. Let u = 46 + w. List the prime factors of u.
23
Let x = 18 + -14. Let v be (-6)/(-24) + (-49)/x. Let q = v + 23. What are the prime factors of q?
11
Let t = -5 + 29. Suppose -4*m + m + t = 0. List the prime factors of -80*(0 - m/20).
2
What are the prime factors of ((-102)/(-136))/((-3)/(-7932))?
3, 661
Let v = -79 - -81. Suppose 6*p = v*p + 528. List the prime factors of p.
2, 3, 11
Suppose 2 = 5*w + 12. Let a be ((-22)/(-5))/(w/(-5)). Let d(p) = -p**2 + 15*p - 7. What are the prime factors of d(a)?
37
Let k(j) = -j**3 + 3*j**2 + 4*j. Let p be k(4). List the prime factors of 43 + 9 + p + -4.
2, 3
Let u = 678